*5/24 - s**4/24 + s**3/6 + 2*s. Let w(q) be the second derivative of y(q). What is w(c)?
5
Let s(o) = o - 1. Let u(v) = 4*v - 2. Let p(m) = -2*s(m) + u(m). What is p(4)?
8
Let v(j) be the second derivative of 0*j**2 + 11/6*j**3 + 0 + 6*j. Give v(1).
11
Let h(i) be the second derivative of 0 - i**2 + 1/12*i**4 + i - 1/6*i**3. Calculate h(-2).
4
Let n be 2*(7/((-7)/4) - -3). Let l(w) = -6*w - 2. Give l(n).
10
Let k(r) = -5*r**2 - 4*r + 1 + 4*r**2 - 3. Let x = -9 + 4. Determine k(x).
-7
Let v(s) = -21 + 3*s + 20 - 6*s + s. Give v(1).
-3
Let x(w) = 2*w - 3*w + 2 - 4 + 4*w**3 - 3*w**3. Determine x(2).
4
Let h(v) = v**2 + v - 1. Let m(q) = q - 1. Let f(w) = h(w) - 4*m(w). Let o(x) = 3*x**2 - 7*x + 7. Let j(a) = 5*f(a) - 2*o(a). Determine j(-3).
-5
Let d be 0 - (-12)/(-6) - -6. Let f(q) = q**3 - 4*q**2 + q - 2. What is f(d)?
2
Let a be ((-4)/(-3))/((-10)/(-90)). Let v = -12 + a. Let n(q) = -q**2 - q - 6. Calculate n(v).
-6
Let q(k) = 8*k - 7 + 0 + 75*k**2 - 74*k**2. Calculate q(-5).
-22
Let h(n) = 5*n**2. Suppose -5*f + 4 = -6. Let r = 3 - f. Give h(r).
5
Let b(r) be the third derivative of 2/3*r**3 + 0*r - r**2 + 1/12*r**4 + 0. What is b(-4)?
-4
Let w = -16 + 21. Let o(g) = g - 5. Let q be o(w). Let d(z) = 0*z**2 + z**2 + 3*z**3 - 2*z**3 - 5. Calculate d(q).
-5
Suppose k = -0*k. Suppose k = 3*p + 5*o + 6, 4*p - 5*o = -11 + 38. Suppose -3*r = -g, 0 = g + 5*r - p*r + 5. Let y(m) = -m**2 - 2*m - 1. Give y(g).
-4
Let y(w) = -w**3 + 2*w**2 + 3*w - 2. Suppose -1 = -4*k + 11. Let v(n) = 6 - 4 + 3*n - 4*n**2 - 7*n**3 + 8*n**3. Let p be v(k). What is y(p)?
4
Let k(h) be the third derivative of 0*h - 1/24*h**4 - 4*h**2 + 0 + 0*h**3. Calculate k(-1).
1
Suppose 2*a - 10 = -6. Suppose 19 = 4*r - 9. Let n(u) = 1 + r - 8 - a*u. Calculate n(-1).
2
Let p be (1 + 0)/((-4)/4). Let b(y) = 4*y - 21*y**2 + 14*y**2 - 4*y. What is b(p)?
-7
Suppose -4*z - 4 = 4, 2*x + 2*z = -4. Suppose x = -9*k + 4*k + 30. Let g(t) = -t**3 + 6*t**2 + t - 5. Give g(k).
1
Let t(r) = -11*r + 60. Let z be t(5). Let x(o) = -2*o**2 + 5*o + 2. Calculate x(z).
-23
Let m(t) = -26*t + 32*t - 6*t**2 + 4*t**3 - 3*t**3 + 2. Determine m(5).
7
Let f(s) = -s**2 - 2 - 5*s - 6*s + 3*s. Determine f(-6).
10
Let m(d) = -5*d**2 - 4*d + 2*d - d**3 + 0*d - 28 + 33. Give m(-4).
-3
Let w(d) = 2*d - 6. Let y be w(5). Let s(b) = b**2 - 6*b - 5*b**2 + y + 3*b**2. What is s(-7)?
-3
Suppose -12 - 18 = 5*h. Let u(i) = -4 - 2 - i**2 - 5*i - i. Give u(h).
-6
Let v = -4 + 0. Let a(j) be the third derivative of j**5/60 + 5*j**4/24 + j**3/2 + j**2. Calculate a(v).
-1
Let p = 0 + -1. Let g(b) = 3 + 2*b**3 - 2 + b**3 + b. Calculate g(p).
-3
Let g(s) = -3*s + 6. Let a(c) = c**3 + 13*c**2 + 11*c - 5. Let w be a(-12). Give g(w).
-15
Let p(k) = -4*k - k - k. Suppose 0*n = 3*n. Suppose -5 = -5*d - n. Calculate p(d).
-6
Suppose 2*c + 40 = 10*c. Let z(v) = v**3 - 6*v**2 + 5*v + 6. Determine z(c).
6
Let t(d) = -d**3 + 2*d**2 + 2*d. Suppose -16*p = -14*p - 4. Let w = -3 - -6. Suppose -w*q + 3 = -p*q. What is t(q)?
-3
Let o = -17 - -24. Let a(p) = p**2 - 9*p - 1. What is a(o)?
-15
Let u(y) = -2*y - 3. Suppose 6*d = 3*d. Suppose d = -w + 2 - 6. Give u(w).
5
Let z(h) be the third derivative of -h**6/360 + h**5/40 + h**4/6 + 5*h**3/6 + h**2. Let t(i) be the first derivative of z(i). Suppose -3 = -3*u + 6. Give t(u).
4
Suppose -6*m + 45 = -m. Suppose 3*x + 3*p - m = 2*x, 0 = -5*p + 10. Let o(d) = -d**2 + d - 1. What is o(x)?
-7
Let b(d) = -d**2 + 6*d - 2. Suppose 1 = x - 4. Suppose x*z - 25 = -0*z. Give b(z).
3
Let c = -3 + 9. Let i = c + -3. Let d(g) = g**2 - 2*g - 2. What is d(i)?
1
Let r be -1 + (6 - 2 - 7). Let q(h) = 2*h**2 + 3*h - 9*h + h**2. Let w(d) = -5*d**2 + 12*d. Let b(f) = r*w(f) - 7*q(f). Determine b(-3).
9
Let w(v) = v - 1. Let t(h) = h**3 + 10*h**2 + 10*h + 5. Let o be t(-9). What is w(o)?
-5
Let m(r) = 14*r**2 - 6*r + 32. Let s(b) = 5*b**2 - 2*b + 11. Let q(z) = 6*m(z) - 17*s(z). What is q(-4)?
-3
Let p be 2 - 3 - (-15)/5. Let r(l) = 2*l**2 + 7*l + p - 3*l**2 - 8. Determine r(5).
4
Let r be -2*1 + 5 + -3. Let f(g) be the second derivative of r - 1/6*g**3 + 2*g + g**2. What is f(5)?
-3
Let h(d) = -9*d. Let t be (10/15)/(4/6). What is h(t)?
-9
Let t be (8/20)/((-6)/30). Let g(y) be the second derivative of -2*y**3/3 - y**2 + y. Give g(t).
6
Let j(s) = 1 - 5*s**2 - 4*s**3 + 9*s**3 + 3*s + 3*s**3. Let y(z) = -7*z**3 + 4*z**2 - 2*z - 1. Let o(q) = -4*j(q) - 5*y(q). Suppose -2 = -g - 1. Give o(g).
2
Let a = -8 - -11. Let b(g) = 6*g**3 - 2 - a*g**2 + 3*g**2 - 7*g**3. Give b(-2).
6
Let u(c) = 3*c - 72. Let l be u(23). Let p(d) = -4*d - 3. Calculate p(l).
9
Let d(u) = 6*u - 1. Let y be (2/(-2))/(4/4). Calculate d(y).
-7
Let t = 1 + -1. Let x(w) = 7*w**2 - 8*w + 8. Let c(y) = -9*y**2 + 10*y - 8. Let o(d) = -4*c(d) - 5*x(d). Determine o(t).
-8
Let s(j) be the second derivative of j**2 - 5/6*j**3 + 3*j + 0 + 1/8*j**4. Let u(l) be the first derivative of s(l). Calculate u(4).
7
Let c(p) = p + 10. Let r(z) = -z**2 + 10*z + 11. Let s be r(11). Determine c(s).
10
Suppose -3 = r + 4. Let t(y) = -2*y - 9. Let v be t(r). Let s(k) = k**3 - 6*k**2 + 5*k - 5. Give s(v).
-5
Let q(n) be the first derivative of -n**4/4 + 2*n**3/3 - n**2 + 3*n - 1. Suppose -6*r + r + 10 = 0. Determine q(r).
-1
Let n(w) = -w**2 - 8*w - 3. Let q(y) = -y**2 + 2*y + 5. Let l be q(-2). Determine n(l).
12
Let v = 18 + -20. Let k be ((2 - v) + -2)*2. Let z(a) = -a**3 + 3*a**2 + 3*a + 1. Calculate z(k).
-3
Let o(w) = 15*w**3 - 4*w + 1. Let f(r) = -45*r**3 + r**2 + 14*r - 4. Let t(i) = -2*f(i) - 7*o(i). What is t(1)?
-16
Let j(h) be the third derivative of h**5/60 + h**4/6 - 6*h**2. Determine j(-2).
-4
Let u(s) = -11*s + 3 - 1 - s**2 + 5*s. Determine u(-6).
2
Let u(z) = -z**2 - 5*z + 5. Suppose -3*s = -5*f + 65, -5*s - 95 = -6*f + f. Let k = 9 + s. Calculate u(k).
-1
Suppose -4*j = -0*j + 20, 4*i = j + 25. Let g(l) be the first derivative of -l**4/4 + 2*l**3 - 5*l**2/2 - 4*l - 1. Give g(i).
-4
Let v be 2/12 + ((-49)/42 - 5). Let d(k) = k + 1. What is d(v)?
-5
Let x(h) = 15 - h + 12 - 48 + 14. Give x(-5).
-2
Let v(p) be the first derivative of -4 - 5/3*p**3 - 1/4*p**4 + 0*p - p**2. Determine v(-4).
-8
Let d(w) = 2*w**2 + 5 - 3 - w**2. Let f = 1 + -5. Let g = 6 + f. Calculate d(g).
6
Let o(x) = -2 + 5 + 5*x**2 - 1 - x**3. Let s be o(5). Suppose -3*k + 7 = -2*v, -2*v + 3*v + s*k = 0. Let r(j) = -j**2 - 2*j - 2. Give r(v).
-2
Suppose 0 = 5*y - 1 - 4. Let i(o) be the first derivative of -o**2 - 1/3*o**3 + 4*o + y. Calculate i(-3).
1
Let a(q) = 21 + q + 2*q**2 + 0*q - q**2 - 2. Calculate a(0).
19
Let x = 2 + -2. Suppose 3*r - 4*p = -6, 4*r + 6 = r + 3*p. Let t = x - r. Let d(q) = -q**3 + 3*q - 3. Calculate d(t).
-5
Let c(s) = 23*s**2 - 7*s - 11. Let b(f) = -12*f**2 + 3*f + 5. Let d(x) = 9*b(x) + 4*c(x). Determine d(1).
-16
Let t(s) = -s**3 - s - 4. Let v(w) = -w**3 + 4*w**2 + 6*w - 2. Let q be v(5). Suppose -7*m + 3*m + 8 = -2*b, 0 = 5*m - q*b - 12. Calculate t(m).
-4
Let f(x) = 5*x + x**2 + 0*x**2 + 0*x**2 + 3. Let u = 58 + -60. Determine f(u).
-3
Let m(b) = -b**3 + b**2 + 1. Let z(s) = 4*s**2 - 2*s + 3. Let l(q) = m(q) + z(q). What is l(4)?
12
Let y(a) = a - 2. Suppose 6 = m - 2*z - 4, -m - 3*z - 15 = 0. Let j be (-2)/(-2) - (-8)/4. Suppose n = j*h - 1 + 7, m = -4*h - 5*n - 27. What is y(h)?
-5
Let k(g) = -2*g**2 + 2 + g**2 + 1. Suppose -4*p + 14 = -2*t - 0, 0 = 5*p - 10. Calculate k(t).
-6
Let c(b) = 3*b - 1. Let z be -1 - 24/8*(-2)/(-2). Determine c(z).
-13
Let a(l) be the third derivative of l**6/120 + l**5/12 - l**3/6 - l**2. Let b = 24 + -29. Give a(b).
-1
Let n = -5 - -6. Let t(s) = -2 - 9*s**3 + 0 + 5 + s**2 - 4 + s. What is t(n)?
-8
Let p(t) be the third derivative of t**4/8 + 3*t**3/2 + 8*t**2. Determine p(-8).
-15
Let u(t) be the second derivative of -t**3 + t**2/2 - 22*t. Suppose 0 = 4*k - 6 + 2. Determine u(k).
-5
Let k be 3 + 2/2 + 1. Suppose -k*t - 4 = -t. Let u(q) = -8*q**2 - 1. What is u(t)?
-9
Let b(d) = -d. Let m be (-3)/4 + 15/4. Let n be (-28)/12 + 1/m. Give b(n).
2
Suppose -s + 2*s = 1. Let m(i) = -3*i**3 - 8 - 4*i**2 + 7 + 2*i + 3*i**2. What is m(s)?
-3
Let b = 171 + -162. Let g(m) = m**2 - 9*m - 5. Calculate g(b).
-5
Let r(h) = -h**2 + 8*h - 14. Let q = 2 - -4. Let b be r(q). Let t(s) = s**3 - s**2 + 2*s + 3. Determine t(b).
-13
Let u(p) = 2*p**3 + p**2